s q(7)?
205
Let o(s) = 141*s - 1034. Give o(7).
-47
Let p(t) = -t**2 + 13*t - 30. What is p(6)?
12
Let r(s) = 2*s**2 - 128*s + 159. Give r(63).
33
Let m(d) = -2*d + 80. What is m(18)?
44
Let i(t) = -2*t**2 - 117*t - 68. Give i(-57).
103
Let t(r) = 154*r**2 - 1523*r - 179. Calculate t(10).
-9
Let m(w) = -16*w - 216. What is m(-9)?
-72
Let u(b) = -7*b + 3. Give u(26).
-179
Let t(q) = 2*q**2 + 76*q + 237. Determine t(-4).
-35
Let o(f) = f**3 + 32*f**2 - 224*f + 1861. Calculate o(-39).
-50
Let g(r) = 432*r + 155515. Determine g(-360).
-5
Let a(v) = -30*v + 1995. Give a(66).
15
Let y(x) = -x**3 + 4*x**2 - 6*x - 42. Determine y(0).
-42
Let q(i) = i**3 - 35*i**2 + 215*i - 41. Determine q(27).
-68
Let s(a) = 39*a + 82. Give s(-1).
43
Let c(i) = -39*i**2 + 19*i + 65. Calculate c(-4).
-635
Let y(i) = -i**3 - 3*i**2 + 11*i - 4. Calculate y(-4).
-32
Let s(u) = u**2 - 51*u - 4248. Give s(-46).
214
Let f(l) = l**3 - 72*l**2 + 139*l - 6. Give f(2).
-8
Let o(l) = -l**3 + 22*l**2 - 7*l + 9. Determine o(22).
-145
Let t(o) = -3496*o + 192273. Calculate t(55).
-7
Let s(w) = 61*w**3 - 4*w**2 + 6*w - 4. What is s(1)?
59
Let u(y) = 174*y - 694. Calculate u(4).
2
Let b(i) = -9*i**2 - 501*i - 841. Calculate b(-54).
-31
Let m(u) = -8*u**2 + 192*u - 1108. What is m(6)?
-244
Let t(f) = -f**2 - 20*f - 49. Calculate t(-17).
2
Let m(q) = -q**3 - 11*q**2 - 26*q - 25. What is m(-8)?
-9
Let c(m) = -211*m - 16499. Give c(-78).
-41
Let q(j) = 17*j**2 - 59*j - 59. Give q(-1).
17
Let c(x) = 2960*x + 5917. Calculate c(-2).
-3
Let v(n) = -n**3 + 40*n**2 - 82*n + 265. Give v(38).
37
Let a(t) = 394*t**2 + 48*t - 46. What is a(1)?
396
Let y(r) = r**2 - 47*r + 444. Give y(36).
48
Let h(s) = -s**3 - 28*s**2 + 57*s - 94. What is h(-30)?
-4
Let t(r) = 2*r**3 - 77*r**2 + 330*r - 814. Determine t(34).
2
Let k(u) = -26*u - 776. Determine k(-29).
-22
Let l(p) = -p**2 + 115*p - 2649. Give l(83).
7
Let t(a) = -2*a**2 - 388*a + 2380. Determine t(6).
-20
Let k(c) = -12*c - 248. Calculate k(-21).
4
Let x(w) = 61*w**2 - 4572*w - 208. What is x(75)?
17
Let d(p) = 253*p + 3623. What is d(-14)?
81
Let j(h) = -h**2 - 90*h + 1230. Give j(12).
6
Let b(v) = -v**3 + 6*v**2 + 399*v - 2387. What is b(6)?
7
Let w(m) = -316*m + 3032. Determine w(9).
188
Let n(j) = -4*j + 127. Determine n(36).
-17
Let x(k) = -k**2 - 35*k + 515. What is x(11)?
9
Let h(k) = -1412*k - 16960. Determine h(-12).
-16
Let p(t) = t**2 - 8*t - 14. Calculate p(6).
-26
Let w(y) = -y**2 + 78*y + 1323. Determine w(-15).
-72
Let g(j) = -40*j - 126. Determine g(-5).
74
Let q(n) = 29*n - 1183. Calculate q(29).
-342
Let d(y) = -14*y**2 + 7*y + 20. Calculate d(-2).
-50
Let g(m) = -1937*m + 174325. Calculate g(90).
-5
Let p(l) = -17*l**3 - l**2 - 3320*l + 3320. What is p(1)?
-18
Let g(w) = 26*w - 117. Calculate g(10).
143
Let p(o) = 7*o**2 - 92*o - 177. What is p(15)?
18
Let q(m) = -2*m**3 - 19*m**2 + 96*m - 15. Give q(4).
-63
Let z(i) = i**3 + 120*i**2 - 6*i - 747. Calculate z(-120).
-27
Let s(h) = -h**2 + 270*h - 1319. Determine s(5).
6
Let c(r) = 2*r**3 + 5*r**2 + r. Give c(-5).
-130
Let t(y) = -2*y**2 - 106*y - 1102. Determine t(-39).
-10
Let o(z) = 195*z - 4104. Determine o(21).
-9
Let d(t) = -4*t**3 - 27*t**2 - t - 27. What is d(-7)?
29
Let j(d) = d**3 + 2*d**2 - 20*d + 17. What is j(2)?
-7
Let k(z) = -z + 68. Give k(-18).
86
Let z(b) = -b**2 - 28*b + 400. Determine z(-42).
-188
Let o(u) = u**3 + 57*u**2 - 92*u + 5321. Calculate o(-60).
41
Let u(f) = -f**3 + 15*f**2 + 92*f - 27. Determine u(-5).
13
Let k(r) = 26*r + 429. Calculate k(-18).
-39
Let g(s) = 902*s - 23452. What is g(26)?
0
Let m(r) = 97*r**2 + 1175*r + 16. Determine m(-12).
-116
Let c(s) = s**2 + 20*s + 1. What is c(0)?
1
Let c(v) = -v**3 - 8*v**2 + 53*v + 46. What is c(-12)?
-14
Let z(a) = -3*a**2 - 175*a + 478. Calculate z(-61).
-10
Let m(l) = l**2 - 31*l + 189. Give m(11).
-31
Let y(z) = -z**3 + 14*z**2 + 18*z - 17. Give y(11).
544
Let c(q) = -16*q**2 - 15*q + 33. Calculate c(3).
-156
Let j(y) = -302*y - 596. Calculate j(-2).
8
Let j(m) = -2*m**3 + 21*m**2 + 15*m - 8. What is j(12)?
-260
Let g(x) = 3*x**3 + 493*x**2 - 331*x - 152. Calculate g(-165).
13
Let t(l) = -659*l**2 + 14497*l + 32. What is t(22)?
10
Let v(z) = -z**3 - 15*z**2 + 34*z + 39. Calculate v(-17).
39
Let q(t) = 78*t**2 - 214*t - 40. Give q(3).
20
Let c(w) = -w**2 + 8*w - 46. Calculate c(6).
-34
Let n(y) = -9*y**2 - 17*y - 75. Determine n(-7).
-397
Let s(o) = 22*o + 806. What is s(-42)?
-118
Let x(g) = 82*g + 503. Determine x(-6).
11
Let b(m) = m**3 + 14*m**2 - 150*m + 25. Determine b(7).
4
Let l(h) = -12*h + 1121. Calculate l(92).
17
Let c(k) = 4*k**2 - 32*k + 8. Calculate c(8).
8
Let f(k) = 50*k + 5. Determine f(-14).
-695
Let h(b) = 11*b - 194. Calculate h(23).
59
Let b(v) = 2*v**3 - 26*v**2 + 19*v + 56. Give b(12).
-4
Let s(f) = -47*f**2 + 30*f + 67. Determine s(3).
-266
Let h(n) = -n**2 + 38*n + 1948. Calculate h(-28).
100
Let n(i) = -i**3 - 68*i**2 - 1151*i - 162. What is n(-37)?
-14
Let i(q) = q**2 - q - 373. Determine i(-19).
7
Let a(x) = 2*x**2 + 98*x + 32. What is a(-48)?
-64
Let p(t) = 2*t**2 - 66*t - 281. Determine p(30).
-461
Let v(z) = z**3 + 10*z**2 - 29*z - 266. Determine v(-5).
4
Let f(m) = 2*m**2 - 157*m - 5427. Give f(-26).
7
Let i(v) = -v**3 - 12*v**2 + 3*v + 86. What is i(-11)?
-68
Let j(a) = 4*a**2 - 213*a - 378. Determine j(55).
7
Let l(s) = 4*s**2 - 24*s + 188. Determine l(11).
408
Let m(k) = 484*k - 2935. Calculate m(6).
-31
Let z(j) = 15*j**2 - 52*j + 30. Give z(7).
401
Let j(u) = 45*u - 160. Calculate j(4).
20
Let f(b) = b**3 + 3*b**2 - 14*b - 13. Determine f(-5).
7
Let g(m) = -34*m**2 - 285*m + 185. Determine g(-9).
-4
Let y(m) = 12*m**3 + 2*m**2 + 1. Give y(-1).
-9
Let k(w) = -w**3 + 22*w**2 - 43*w - 19. Give k(18).
503
Let o(a) = -24*a - 115. Determine o(12).
-403
Let c(g) = -4*g**2 + 167*g - 1414. What is c(12)?
14
Let k(b) = 371*b + 3768. Calculate k(-10).
58
Let g(k) = -4*k**2 + 44*k - 67. Calculate g(13).
-171
Let s(q) = -25*q - 109. Give s(-6).
41
Let w(t) = 6*t**2 + 58*t - 115. Give w(-11).
-27
Let l(w) = 1002*w - 997. What is l(1)?
5
Let u(v) = 7*v**3 - 288*v**2 + 38*v - 62. What is u(41)?
-185
Let q(d) = -7*d - 179. Determine q(-29).
24
Let v(g) = 134*g + 71. What is v(0)?
71
Let y(d) = d**3 + 7*d**2 - 73*d - 171. Determine y(-12).
-15
Let f(c) = -4*c**2 - 85*c + 889. Calculate f(9).
-200
Let m(i) = -14*i**2 + 173*i + 349. Give m(-2).
-53
Let v(d) = -3*d - 348. Give v(-31).
-255
Let n(z) = -z**3 - 156*z**2 - 602*z + 911. Give n(-152).
-1
Let t(a) = -2*a**2 - 111*a + 154. Calculate t(-58).
-136
Let k(h) = -h**2 - 38*h - 136. What is k(-5)?
29
Let f(s) = 2*s**3 + 82*s**2 + 4*s + 74. What is f(-41)?
-90
Let s(t) = 198*t + 2396. What is s(-12)?
20
Let q(k) = -147*k + 241. Calculate q(2).
-53
Let d(x) = 20*x + 91. What is d(-14)?
-189
Let q(y) = 2*y**2 + 111*y + 645. Calculate q(-48).
-75
Let g(m) = 40*m - 1057. Calculate g(27).
23
Let l(x) = -49*x + 51. Calculate l(1).
2
Let a(m) = -m**3 + 7*m**2 - 19*m + 41. Determine a(5).
-4
Let b(t) = -351*t + 12004. What is b(34)?
70
Let n(p) = -p**3 - 33*p**2 - 31*p + 43. What is n(-32)?
11
Let d(t) = -t**3 + 21*t**2 + 42*t - 848. Determine d(21).
34
Let t(r) = -5*r + 10. Determine t(3).
-5
Let r(p) = -2*p**2 - 61*p - 172. Give r(-26).
62
Let g(w) = 2*w + 89. Calculate g(-38).
13
Let u(h) = 366*h + 1820. What is u(-5)?
-10
Let c(i) = -8*i**2 - 17*i + 329. Calculate c(-8).
-47
Let b(z) = -z**2 - 25*z - 157. Determine b(-13).
-1
Let f(o) = 8*o**2 - 599*o + 512. What is f(74)?
-6
Let y(a) = 71*a**2 + 15*a - 45. Calculate y(3).
639
Let l(c) = 29*c + 133. Calculate l(-12).
-215
Let i(l) = -l**3 + 10*l**2 - 13*l - 19. What is i(8)?
5
Let i(a) = -339*a - 2740. What is i(-8)?
-28
Let i(f) = -7*f - 90. Give i(-4).
-62
Let h(s) = -744*s + 586. What is h(1)?
-158
Let g(o) = -2*o**2 + 56*o - 117. Give g(11).
257
Let q(u) = u**3 - 58*u**2 + 13*u + 2542. Give q(57).
34
Let x(o) = 61*o - 62. Calculate x(3).
121
Let i(m) = 5*m**2 - 22*m - 346. Give i(-7).
53
Let z(l) = 3*l**3 - 9*l**2 + 56*l - 220. Calculate z(5).
210
Let n(t) = -2872*t - 100521. Give n(-35).
-1
Let a(u) = -4*u**2 + 22*u - 32. What is a(15)?
-602
Let k(a) = 65*a + 288. What is k(-4)?
28
Let k(x) = 13*x - 128. What is k(30)?
262
Let a(w) = 7*w + 92. Give a(-36).
-160
Let s(h) = -29*h +